5 - -c57?
c52
In base 2, what is -11 + -10111100001011111?
-10111100001100010
In base 6, what is -3200 + 3?
-3153
In base 13, what is 33215 + 2?
33217
In base 3, what is 11211212112200 - 2?
11211212112121
In base 8, what is -1 + -2612200?
-2612201
In base 6, what is 30211 + -211?
30000
In base 15, what is 5 + 178c7?
178cc
In base 7, what is -16 + -10324?
-10343
In base 5, what is -2 + -134404?
-134411
In base 12, what is -23687 - -1b?
-23668
In base 16, what is -f86 - 175?
-10fb
In base 12, what is 720 - -177?
897
In base 4, what is -110301 + -310311?
-1021212
In base 11, what is 757a - -32?
7601
In base 3, what is 122 + -10102100?
-10101201
In base 16, what is -218 + -bb1?
-dc9
In base 13, what is 854a + -2?
8548
In base 14, what is -2 - -5000?
4ddc
In base 5, what is -10012033300 - 4?
-10012033304
In base 14, what is 19c + 10?
1ac
In base 3, what is 20112211111 - 121?
20112210220
In base 5, what is -444 - 100421?
-101420
In base 5, what is 320322 + 4?
320331
In base 9, what is 6577 - -262?
6850
In base 12, what is 200457 + 2?
200459
In base 3, what is -2101200111 + 1?
-2101200110
In base 5, what is -1 + -332034?
-332040
In base 15, what is -11c - -12e3?
11c6
In base 9, what is -341 - 60?
-411
In base 3, what is -12 - -1011111102212?
1011111102200
In base 16, what is -437 - 0?
-437
In base 6, what is -23 + 255030?
255003
In base 4, what is 20 + 220020023?
220020103
In base 6, what is 21 - -1334?
1355
In base 16, what is 6 - -a08?
a0e
In base 5, what is 1122122 + 20?
1122142
In base 7, what is -14362 + 1?
-14361
In base 9, what is 135 + 3271?
3416
In base 16, what is 22 - 78f4?
-78d2
In base 7, what is -11663 + 51?
-11612
In base 16, what is 7e - -60b?
689
In base 2, what is 100101011 - -101111010100?
110011111111
In base 13, what is a7cc6 - 0?
a7cc6
In base 6, what is -32 + -2203?
-2235
In base 11, what is 5320 - -66?
5386
In base 11, what is 161 - -14a05?
15066
In base 3, what is 202 + -1011120221?
-1011120012
In base 14, what is -1dc1 - -a?
-1db5
In base 15, what is -8e7 - b?
-903
In base 12, what is -1a44 + -12?
-1a56
In base 3, what is -222022222210 + 12?
-222022222121
In base 2, what is 1111 + 101010110?
101100101
In base 15, what is -1 - 5739?
-573a
In base 10, what is -81008 + -4?
-81012
In base 14, what is 3 + -18cc?
-18c9
In base 6, what is 315050 + -14?
315032
In base 6, what is -305342 + 31?
-305311
In base 9, what is 1 - -1046116?
1046117
In base 3, what is 101 + -220102102?
-220102001
In base 10, what is 2107 + -46?
2061
In base 13, what is 36 - b67?
-b31
In base 7, what is 2400326 - 3?
2400323
In base 9, what is -7757 + 15?
-7742
In base 2, what is 11101100001 - 10?
11101011111
In base 16, what is 3f21 - -15?
3f36
In base 11, what is 2 - 297197?
-297195
In base 15, what is 25 + -c04?
-bce
In base 12, what is 204 + 76?
27a
In base 9, what is -684225 - -17?
-684207
In base 8, what is 55 - 130046?
-127771
In base 10, what is -1 - -22181?
22180
In base 7, what is -2 - -466624?
466622
In base 16, what is 1a + d7c?
d96
In base 16, what is -6325b + 1?
-6325a
In base 16, what is 0 + b8db0?
b8db0
In base 9, what is -578556 - -4?
-578552
In base 4, what is 333 - 313033?
-312100
In base 11, what is 5 - -162939?
162943
In base 5, what is -2134 + -310?
-2444
In base 7, what is -2053 - -126?
-1624
In base 5, what is -111 - -143324?
143213
In base 8, what is 1 + -3205?
-3204
In base 4, what is 123131321 - 12?
123131303
In base 5, what is 14 - -11340013?
11340032
In base 10, what is -1 + 16262?
16261
In base 7, what is -5 - -352411?
352403
In base 4, what is -1012210 - -11?
-1012133
In base 5, what is 434 - -43013?
44002
In base 5, what is 4 + 13302011?
13302020
In base 7, what is 1454013 + -4?
1454006
In base 4, what is 1002001 + -21?
1001320
In base 7, what is 2543 + -1566?
644
In base 7, what is 460 - -316?
1106
In base 16, what is 12 + -5e5?
-5d3
In base 5, what is -3041420 - -1?
-3041414
In base 2, what is 1011110 + 11?
1100001
In base 8, what is 2 - -52045?
52047
In base 10, what is 7583 - 248?
7335
In base 12, what is 3 - -a2037?
a203a
In base 16, what is 56 - -5a90?
5ae6
In base 4, what is 12 - -1011001?
1011013
In base 9, what is -140402 + 4?
-140387
In base 2, what is 110001011011010011 + 10?
110001011011010101
In base 4, what is -1120 - 1303100?
-1310220
In base 12, what is 979 + -a?
96b
In base 8, what is -1 - 52225?
-52226
In base 10, what is 17 - 1545?
-1528
In base 7, what is -160 + -141202?
-141362
In base 3, what is 100000101122 - -1?
100000101200
In base 15, what is 6 + -37e7?
-37e1
In base 3, what is -211221012 + -10?
-211221022
In base 16, what is db4 - -9?
dbd
In base 5, what is -443 + 1211?
213
In base 9, what is 2 + -478?
-476
In base 2, what is -11101 + 1101000?
1001011
In base 6, what is 4042 + 0?
4042
In base 8, what is 457 + 105?
564
In base 12, what is 13 - -1594?
15a7
In base 4, what is 22 + -3321022?
-3321000
In base 12, what is -77 + 87?
10
In base 6, what is -13013315 + 13?
-13013302
In base 14, what is -5d5b53 - -2?
-5d5b51
In base 16, what is 3f + -b4e?
-b0f
In base 13, what is -2 - b483?
-b485
In base 8, what is -26417 + 457?
-25740
In base 15, what is -83d9 - -4?
-83d5
In base 15, what is -1 - -3b4c5?
3b4c4
In base 15, what is -4 + -144ed?
-14502
In base 3, what is -12 + -11112200?
-11112212
In base 10, what is 297 + -924?
-627
In base 13, what is -4047 - -1c?
-4028
In base 2, what is 1011001 + 101110101?
111001110
In base 4, what is -22020300313 - 0?
-22020300313
In base 5, what is -2 + 133422404?
133422402
In base 8, what is 166 - -1701?
2067
In base 9, what is -3376127 - -3?
-3376124
In base 14, what is -22 + -431bb?
-431dd
In base 6, what is 13 - -1430240?
1430253
In base 4, what is -10310102 - 1001?
-10311103
In base 10, what is 338 + 152?
490
In base 9, what is -544485 - 6?
-544502
In base 6, what is -332 + 10154?
5422
In base 7, what is -146440 - -6?
-146431
In base 9, what is -116 + 83752?
83635
In base 9, what is -47822 - -85?
-47726
In base 14, what is 2 - 5785?
-5783
In base 5, what is -2 + -40422?
-40424
In base 4, what is 1002030 + -131?
1001233
In base 13, what is -21 + bc?
9b
In base 11, what is -133a3 - -5?
-13399
In base 2, what is -10000110111111100010 + -101?
-10000110111111100111
In base 11, what is -1364 + -86?
-143a
In base 3, what is 120102 + -1121010?
-1000201
In base 11, what is 204 - -1761?
1965
In base 4, what is -2100100020 - 0?
-2100100020
In base 8, what is -5 + -44441?
-44446
In base 8, what is 3 - 514507?
-514504
In base 13, what is 8 + -52b3?
-52a8
In base 15, what is -5 + -270dc?
-270e2
In base 16, what is f - 6e9?
-6da
In base 6, what is -10532 - -42?
-10450
In base 4, what is 120031321 + -11?
120031310
In base 12, what is 1 + -4482?
-4481
In base 15, what is -a - -646?
63b
In base 4, what is 11 - 3103211?
-3103200
In base 6, what is 2040332 - -101?
2040433
In base 8, what is -10317 - 5?
-10324
In base 5, what is -230 + 20032?
14302
In base 8, what is -430 + -302?
-732
In base 4, what is 102021 - -23?
102110
In base 8, what is -247 - 4616?
-5065
In base 2, what is 1000010001 + 0?
1000010001
In base 6, what is 33105334 + 5?
33105343
In base 4, what is -1030 - 11320?
-13010
In base 14, what is bbb28 - 0?
bbb28
In base 14, what is -3 - 2767?
-276a
In base 4, what is -13230131 + -10?
-13230201
In base 4, what is 131231 - -121?
132012
In base 12, what is b5238 + 2?
b523a
In base 14, what is 1d3 + -2a?
1a7
In base 9, what is -285 + 4617?
4322
In base 4, what is -301 - -2312332?
2312031
In base 10, what is 269 + 373?
642
In base 16, what is 1 - -12158?
12159
In base 7, what is -5 - 436603?
-436611
In base 7, what is -45565 - 3?
-45601
In base 3, what is -201 - 1101002?
-1101210
In base 5, what is 103340120 + -20?
103340100
In base 6, what is 1032 - 1335?
-303
In base 16, what is 3ab62 + 4?
3ab66
In base 4, what is -11 + -1000132?
-1000203
In base 10, what is 7 - -17206?
17213
In base 15, what is -342d - a?
-3438
In base 13, what is -26 + b16?
ac0
In base 12, what is -1 - 6704?
-6705
In base 16, what is -15f72 + -2?
-15f74
In base 4, what is 11 + 213021313?
213021330
In base 13, what is -528 + 73?
-485
In base 11, what is 2 - 139a7?
-139a5
In base 3, what is -101100002 + -2?
-101100011
In base 6, what is -4 + -30105?
-30113
In base 9, what is -4 - 2571?
-2575
In base 8, what is